3 a composite number?
False
Is 1970645051 composite?
False
Is 4169028349 composite?
False
Is 51282006889 a composite number?
False
Is 13121003549 composite?
True
Is 2532899753 a composite number?
False
Is 9049283069 a prime number?
True
Is 2628451159 a composite number?
False
Is 38502669409 a prime number?
True
Is 4428393553 a prime number?
True
Is 29950237637 prime?
True
Is 6426312185 composite?
True
Is 192661794001 composite?
True
Is 14761867169 composite?
True
Is 93740539 composite?
False
Is 412121243 composite?
False
Is 697497191 prime?
True
Is 7138162903 a prime number?
False
Is 80230464049 composite?
True
Is 55294844323 prime?
True
Is 194842295 a prime number?
False
Is 2141863081 a composite number?
True
Is 58066330079 a prime number?
True
Is 867203027 prime?
True
Is 2647687379 composite?
False
Is 34940891 composite?
True
Is 64020027401 a prime number?
False
Is 147242941 composite?
True
Is 1899740917 prime?
True
Is 66128757649 prime?
True
Is 51281319493 prime?
False
Is 1171308071 a prime number?
False
Is 437815303 composite?
False
Is 13045314017 prime?
True
Is 1539135247 prime?
False
Is 9695985629 a composite number?
True
Is 14511415517 a composite number?
True
Is 2066978447 prime?
False
Is 5572194403 composite?
True
Is 284728870637 prime?
False
Is 9733521481 a prime number?
False
Is 63989438581 composite?
False
Is 27070589687 prime?
False
Is 12345359519 composite?
False
Is 143496503 prime?
False
Is 15767358317 a prime number?
False
Is 2334678223 composite?
False
Is 30147003713 a composite number?
True
Is 346378681 prime?
False
Is 75581054551 prime?
False
Is 149334667 prime?
True
Is 13302286649 prime?
False
Is 50758911569 composite?
True
Is 19489749337 a composite number?
False
Is 1951698745 composite?
True
Is 13936706297 composite?
False
Is 84232048255 composite?
True
Is 5535359179 a composite number?
True
Is 31751113087 prime?
True
Is 2305289759 a prime number?
False
Is 1588798021 a prime number?
True
Is 29339477782 composite?
True
Is 697702433 a prime number?
False
Is 612770063 composite?
True
Is 1632009629 prime?
True
Is 11079527743 a prime number?
True
Is 179700481 a prime number?
False
Is 489375223 prime?
True
Is 114699933209 a composite number?
False
Is 1322107601 composite?
False
Is 961858783 composite?
False
Is 2187287023 prime?
False
Is 3316561789 prime?
True
Is 15677560831 a prime number?
True
Is 2413905583 a prime number?
False
Is 2209817543 composite?
False
Is 1776654721 prime?
True
Is 70788271 a composite number?
False
Is 6846732701 composite?
False
Is 456022279 prime?
False
Is 11254413227 prime?
True
Is 25789501 a composite number?
False
Is 2467215689 a composite number?
False
Is 1417725877 composite?
False
Is 255888847 a prime number?
False
Is 88028919317 composite?
True
Is 2241070459 composite?
False
Is 184539581 composite?
False
Is 2957569427 a prime number?
True
Is 188439401 a composite number?
False
Is 5497490513 a composite number?
False
Is 5458914959 a prime number?
False
Is 684442697 prime?
True
Is 45599006311 a composite number?
True
Is 699998249 a prime number?
True
Is 126563974003 a composite number?
True
Is 84388943 prime?
True
Is 784618687 a composite number?
True
Is 62355877 composite?
False
Is 7292736587 a prime number?
True
Is 1907934397 composite?
True
Is 18223348139 a prime number?
True
Is 17004981881 prime?
True
Is 6154541957 composite?
False
Is 71182262323 composite?
True
Is 3343817215 a prime number?
False
Is 107191076035 a prime number?
False
Is 2198109161 composite?
True
Is 38891013307 a composite number?
False
Is 16506610111 prime?
False
Is 3732198607 a prime number?
False
Is 3049315039 composite?
False
Is 2139749749 a composite number?
False
Is 35574902917 a composite number?
False
Is 18770881 composite?
False
Is 71067965203 a prime number?
False
Is 3394794037 prime?
False
Is 86948156557 composite?
True
Is 777444677 composite?
True
Is 401643467467 a prime number?
False
Is 23083569634 composite?
True
Is 275246261 prime?
True
Is 14294364377 a composite number?
False
Is 12934752907 a composite number?
False
Is 13662250921 a composite number?
True
Is 919377931 a prime number?
False
Is 28777094117 a prime number?
False
Is 18263553599 composite?
False
Is 261170683 prime?
True
Is 5542421971 prime?
False
Is 217428396389 composite?
False
Is 60057361183 a prime number?
False
Is 2393178017 a prime number?
True
Is 75542048093 prime?
False
Is 61397563333 composite?
True
Is 2647290589 prime?
True
Is 8248960231 a prime number?
True
Is 770014249 prime?
True
Is 200783737589 a composite number?
False
Is 84146989 a composite number?
True
Is 6131798093 prime?
True
Is 4155591887 prime?
True
Is 5025867619 prime?
False
Is 1934441071 composite?
True
Is 40276506443 a composite number?
False
Is 1643540347 prime?
True
Is 35872973113 a composite number?
True
Is 7765160411 a composite number?
True
Is 209370083477 composite?
False
Is 4936975411 prime?
True
Is 36122932037 a composite number?
False
Is 3276234323 prime?
False
Is 93815479 prime?
True
Is 2804177567 a composite number?
True
Is 30666004471 a composite number?
False
Is 2953714171 a prime number?
False
Is 45781446773 a composite number?
True
Is 8154011299 composite?
True
Is 2533383635 prime?
False
Is 159307433 a prime number?
True
Is 11785833083 composite?
True
Is 16669629791 a composite number?
False
Is 597749741 prime?
False
Is 223372341029 prime?
True
Is 27298043 a composite number?
False
Is 8764482109 a composite number?
True
Is 1864488139 composite?
True
Is 199897433629 a prime number?
True
Is 275461883 composite?
True
Is 47530876287 composite?
True
Is 14086290487 a composite number?
True
Is 4317397519 a composite number?
False
Is 2284326437 prime?
True
Is 1229921051 a prime number?
False
Is 13981949309 composite?
False
Is 1135855411 composite?
True
Is 146948947 prime?
True
Is 148425927989 a prime number?
False
Is 6980551 a prime number?
True
Is 165945912995 composite?
True
Is 1365288499 prime?
False
Is 971212687 prime?
False
Is 694725907 composite?
False
Is 262401259 composite?
True
Is 1070767631 a prime number?
True
Is 17404640479 composite?
True
Is 43759791217 composite?
False
Is 5525765393 a prime number?
True
Is 248526547 prime?
True
Is 174899829809 prime?
True
Is 12281591591 a composite number?
True
Is 4702275679 a prime number?
True
Is 12405601349 composite?
False
Is 4697039629 prime?
False
Is 62427839917 prime?
True
Is 923757629 composite?
False
Is 4414486229 a prime number?
False
Is 763553969 composite?
True
Is 2882141231 a composite number?
True
Is 2533951991 composite?
True
Is 9292279 a prime number?
True
Is 23126189631 a composite number?
True
Is 27190236595 a composite number?
True
Is 17456633543 composite?
False
Is 36764526529 a prime number?
False
Is 1462489921 a prime number?
False
Is 148404287 a composite number?
False
Is 3547974901 a composite number?
False
Is 53931090977 composite?
True
Is 36735531211 a prime number?
False
Is 2649579409 composite?
False
Is 1943320597 prime?
True
Is 2700131899 a prime number?
False
Is 1029808979 a prime number?
True
Is 2872934351 composite?
True
Is 403463339 composite?
False
Is 351889657207 a composite number?
True
Is 6559993 composite?
True
Is 11456188417 prime?
True
Is 288732643 prime?
False
Is 2246466529 prime?
True
Is 45099408617 composite?
False
Is 3123824707 a composite number?
True
Is 1347422078 prime?
False
Is 2613966441 prime?
False
Is 798437303 composite?
False
Is 5029167527 a prime number?
True
Is 16654686523 prime?
True
Is 1171028366 prime?
False
Is 381749023 composite?
True
Is 724834463 a prime number?
True
Is 2021948957 prime?
False
Is 297329341 prime?
False
Is 2085425855 prime?
False
Is 146165467051 composite?
True
Is 9868630439 a prime number?
True
Is 28620852019 prime?
True
Is 25000393247 a prime number?
True
Is 56871086021 a prime number?
True
Is 18725661401 a prime number?
True
Is 15280037093 a composite number?
True
Is 100074219431 a prime number?
True
Is 10501154723 prime?
False
Is 881138837 composite?
False
Is 144997600099 prime?
False
Is 255416851 a prime number?
False
Is 48981277453 prime?
False
Is 1077639247 a prime number?
True
Is 291851971 prime?
False
Is 6402662419 composite?
True
Is 88666947367 a composite number?
False
Is 12839108473 a prime number?
True
Is 2858923841 composite?
